CRAN Package Check Results for Package VTShiny

Last updated on 2021-10-18 19:51:55 CEST.

Flavor Version Tinstall Tcheck Ttotal Status Flags
r-devel-linux-x86_64-debian-clang 0.1.0 1.97 19.47 21.44 NOTE
r-devel-linux-x86_64-debian-gcc 0.1.0 1.60 15.80 17.40 NOTE
r-devel-linux-x86_64-fedora-clang 0.1.0 37.03 NOTE
r-devel-linux-x86_64-fedora-gcc 0.1.0 25.73 NOTE
r-devel-windows-x86_64 0.1.0 5.00 34.00 39.00 NOTE
r-devel-windows-x86_64-gcc10-UCRT 0.1.0 NOTE
r-patched-linux-x86_64 0.1.0 2.04 19.09 21.13 NOTE
r-patched-solaris-x86 0.1.0 41.80 NOTE
r-release-linux-x86_64 0.1.0 2.07 19.14 21.21 NOTE
r-release-macos-arm64 0.1.0 NOTE
r-release-macos-x86_64 0.1.0 NOTE
r-release-windows-ix86+x86_64 0.1.0 6.00 36.00 42.00 NOTE
r-oldrel-macos-x86_64 0.1.0 NOTE
r-oldrel-windows-ix86+x86_64 0.1.0 7.00 43.00 50.00 OK

Check Details

Version: 0.1.0
Check: LazyData
Result: NOTE
     'LazyData' is specified without a 'data' directory
Flavors: r-devel-linux-x86_64-debian-clang, r-devel-linux-x86_64-debian-gcc, r-devel-linux-x86_64-fedora-clang, r-devel-linux-x86_64-fedora-gcc, r-devel-windows-x86_64, r-devel-windows-x86_64-gcc10-UCRT, r-patched-linux-x86_64, r-patched-solaris-x86, r-release-linux-x86_64, r-release-macos-arm64, r-release-macos-x86_64, r-release-windows-ix86+x86_64

Version: 0.1.0
Check: dependencies in R code
Result: NOTE
    Namespaces in Imports field not imported from:
     ‘EnvStats’ ‘shiny’ ‘stats’
     All declared Imports should be used.
Flavors: r-devel-linux-x86_64-fedora-clang, r-devel-linux-x86_64-fedora-gcc, r-devel-windows-x86_64-gcc10-UCRT, r-patched-solaris-x86, r-release-macos-arm64, r-release-macos-x86_64, r-oldrel-macos-x86_64