CRAN Package Check Results for Package VUROCS

Last updated on 2021-09-20 22:56:00 CEST.

Flavor Version Tinstall Tcheck Ttotal Status Flags
r-devel-linux-x86_64-debian-clang 1.0 90.61 31.08 121.69 OK
r-devel-linux-x86_64-debian-gcc 1.0 60.12 24.62 84.74 OK
r-devel-linux-x86_64-fedora-clang 1.0 187.27 OK
r-devel-linux-x86_64-fedora-gcc 1.0 157.63 OK
r-devel-windows-x86_64 1.0 93.00 47.00 140.00 OK
r-devel-windows-x86_64-gcc10-UCRT 1.0 ERROR
r-patched-linux-x86_64 1.0 72.35 30.31 102.66 OK
r-patched-solaris-x86 1.0 140.60 OK
r-release-linux-x86_64 1.0 72.21 30.25 102.46 OK
r-release-macos-arm64 1.0 OK
r-release-macos-x86_64 1.0 OK
r-release-windows-ix86+x86_64 1.0 222.00 68.00 290.00 OK
r-oldrel-macos-x86_64 1.0 OK
r-oldrel-windows-ix86+x86_64 1.0 219.00 56.00 275.00 OK

Check Details

Version: 1.0
Check: whether package can be installed
Result: ERROR
    Installation failed.
Flavor: r-devel-windows-x86_64-gcc10-UCRT