CRAN Package Check Results for Package VarSelLCM

Last updated on 2021-09-23 01:50:04 CEST.

Flavor Version Tinstall Tcheck Ttotal Status Flags
r-devel-linux-x86_64-debian-clang 2.1.3.1 332.86 160.47 493.33 OK
r-devel-linux-x86_64-debian-gcc 2.1.3.1 217.05 103.36 320.41 OK
r-devel-linux-x86_64-fedora-clang 2.1.3.1 696.94 NOTE
r-devel-linux-x86_64-fedora-gcc 2.1.3.1 602.09 OK
r-devel-windows-x86_64 2.1.3.1 313.00 162.00 475.00 OK
r-devel-windows-x86_64-gcc10-UCRT 2.1.3.1 ERROR
r-patched-linux-x86_64 2.1.3.1 265.96 134.08 400.04 OK
r-patched-solaris-x86 2.1.3.1 603.20 OK
r-release-linux-x86_64 2.1.3.1 259.94 135.40 395.34 OK
r-release-macos-arm64 2.1.3.1 NOTE
r-release-macos-x86_64 2.1.3.1 NOTE
r-release-windows-ix86+x86_64 2.1.3.1 762.00 263.00 1025.00 OK
r-oldrel-macos-x86_64 2.1.3.1 NOTE
r-oldrel-windows-ix86+x86_64 2.1.3.1 554.00 209.00 763.00 OK

Check Details

Version: 2.1.3.1
Check: installed package size
Result: NOTE
     installed size is 9.4Mb
     sub-directories of 1Mb or more:
     libs 8.6Mb
Flavors: r-devel-linux-x86_64-fedora-clang, r-release-macos-arm64, r-release-macos-x86_64, r-oldrel-macos-x86_64

Version: 2.1.3.1
Check: whether package can be installed
Result: ERROR
    Installation failed.
Flavor: r-devel-windows-x86_64-gcc10-UCRT