CRAN Package Check Results for Package WDI

Last updated on 2021-09-25 07:49:52 CEST.

Flavor Version Tinstall Tcheck Ttotal Status Flags
r-devel-linux-x86_64-debian-clang 2.7.4 2.74 27.38 30.12 OK
r-devel-linux-x86_64-debian-gcc 2.7.4 2.04 21.66 23.70 OK
r-devel-linux-x86_64-fedora-clang 2.7.4 45.74 NOTE
r-devel-linux-x86_64-fedora-gcc 2.7.4 35.19 NOTE
r-devel-windows-x86_64 2.7.4 5.00 32.00 37.00 OK
r-devel-windows-x86_64-gcc10-UCRT 2.7.4 NOTE
r-patched-linux-x86_64 2.7.4 2.64 26.54 29.18 OK
r-patched-solaris-x86 2.7.4 57.30 NOTE
r-release-linux-x86_64 2.7.4 2.59 26.73 29.32 OK
r-release-macos-arm64 2.7.4 NOTE
r-release-macos-x86_64 2.7.4 NOTE
r-release-windows-ix86+x86_64 2.7.4 6.00 43.00 49.00 OK
r-oldrel-macos-x86_64 2.7.4 NOTE
r-oldrel-windows-ix86+x86_64 2.7.4 19.00 32.00 51.00 OK

Check Details

Version: 2.7.4
Check: data for non-ASCII characters
Result: NOTE
     Note: found 1537 marked UTF-8 strings
Flavors: r-devel-linux-x86_64-fedora-clang, r-devel-linux-x86_64-fedora-gcc, r-devel-windows-x86_64-gcc10-UCRT, r-patched-solaris-x86, r-release-macos-arm64, r-release-macos-x86_64, r-oldrel-macos-x86_64