CRAN Package Check Results for Package WRI

Last updated on 2021-09-26 04:50:50 CEST.

Flavor Version Tinstall Tcheck Ttotal Status Flags
r-devel-linux-x86_64-debian-clang 0.1.0 62.86 89.66 152.52 OK
r-devel-linux-x86_64-debian-gcc 0.1.0 40.36 67.40 107.76 OK
r-devel-linux-x86_64-fedora-clang 0.1.0 203.67 NOTE
r-devel-linux-x86_64-fedora-gcc 0.1.0 181.34 NOTE
r-devel-windows-x86_64 0.1.0 61.00 94.00 155.00 OK
r-devel-windows-x86_64-gcc10-UCRT 0.1.0 NOTE
r-patched-linux-x86_64 0.1.0 46.29 84.53 130.82 OK
r-patched-solaris-x86 0.1.0 217.20 NOTE
r-release-linux-x86_64 0.1.0 47.81 83.44 131.25 OK
r-release-macos-arm64 0.1.0 NOTE
r-release-macos-x86_64 0.1.0 NOTE
r-release-windows-ix86+x86_64 0.1.0 145.00 159.00 304.00 OK
r-oldrel-macos-x86_64 0.1.0 NOTE
r-oldrel-windows-ix86+x86_64 0.1.0 104.00 130.00 234.00 OK

Check Details

Version: 0.1.0
Check: dependencies in R code
Result: NOTE
    Namespaces in Imports field not imported from:
     ‘fdadensity’ ‘locfit’ ‘locpol’ ‘modeest’
     All declared Imports should be used.
Flavors: r-devel-linux-x86_64-fedora-clang, r-devel-linux-x86_64-fedora-gcc, r-devel-windows-x86_64-gcc10-UCRT, r-patched-solaris-x86, r-release-macos-arm64, r-release-macos-x86_64, r-oldrel-macos-x86_64