CRAN Package Check Results for Package WaveSampling

Last updated on 2021-09-26 07:50:26 CEST.

Flavor Version Tinstall Tcheck Ttotal Status Flags
r-devel-linux-x86_64-debian-clang 0.1.1 148.58 77.24 225.82 NOTE
r-devel-linux-x86_64-debian-gcc 0.1.1 94.01 58.12 152.13 NOTE
r-devel-linux-x86_64-fedora-clang 0.1.1 305.62 NOTE
r-devel-linux-x86_64-fedora-gcc 0.1.1 277.46 NOTE
r-devel-windows-x86_64 0.1.1 129.00 82.00 211.00 NOTE
r-devel-windows-x86_64-gcc10-UCRT 0.1.1 NOTE
r-patched-linux-x86_64 0.1.1 110.61 72.45 183.06 NOTE
r-patched-solaris-x86 0.1.1 284.20 NOTE
r-release-linux-x86_64 0.1.1 112.30 73.15 185.45 NOTE
r-release-macos-arm64 0.1.1 NOTE
r-release-macos-x86_64 0.1.1 NOTE
r-release-windows-ix86+x86_64 0.1.1 331.00 129.00 460.00 NOTE
r-oldrel-macos-x86_64 0.1.1 NOTE
r-oldrel-windows-ix86+x86_64 0.1.1 245.00 101.00 346.00 OK

Check Details

Version: 0.1.1
Check: LazyData
Result: NOTE
     'LazyData' is specified without a 'data' directory
Flavors: r-devel-linux-x86_64-debian-clang, r-devel-linux-x86_64-debian-gcc, r-devel-linux-x86_64-fedora-clang, r-devel-linux-x86_64-fedora-gcc, r-devel-windows-x86_64, r-devel-windows-x86_64-gcc10-UCRT, r-patched-linux-x86_64, r-patched-solaris-x86, r-release-linux-x86_64, r-release-macos-arm64, r-release-macos-x86_64, r-release-windows-ix86+x86_64

Version: 0.1.1
Check: installed package size
Result: NOTE
     installed size is 6.0Mb
     sub-directories of 1Mb or more:
     libs 5.8Mb
Flavors: r-release-macos-arm64, r-release-macos-x86_64, r-oldrel-macos-x86_64