CRAN Package Check Results for Package XLS

Last updated on 2024-06-13 06:58:23 CEST.

Flavor Version Tinstall Tcheck Ttotal Status Flags
r-devel-linux-x86_64-debian-clang 0.1.0 1.43 33.66 35.09 OK
r-devel-linux-x86_64-debian-gcc 0.1.0 0.29 1.74 2.03 ERROR
r-devel-linux-x86_64-fedora-clang 0.1.0 44.93 OK
r-devel-linux-x86_64-fedora-gcc 0.1.0 41.66 OK
r-devel-windows-x86_64 0.1.0 4.00 49.00 53.00 OK
r-patched-linux-x86_64 0.1.0 2.10 33.12 35.22 OK
r-release-linux-x86_64 0.1.0 1.64 33.00 34.64 OK
r-release-macos-arm64 0.1.0 19.00 OK
r-release-macos-x86_64 0.1.0 25.00 OK
r-release-windows-x86_64 0.1.0 4.00 52.00 56.00 OK
r-oldrel-macos-arm64 0.1.0 17.00 OK
r-oldrel-macos-x86_64 0.1.0 25.00 OK
r-oldrel-windows-x86_64 0.1.0 4.00 53.00 57.00 OK

Check Details

Version: 0.1.0
Check: package dependencies
Result: ERROR Package required but not available: ‘mpoly’ See section ‘The DESCRIPTION file’ in the ‘Writing R Extensions’ manual. Flavor: r-devel-linux-x86_64-debian-gcc