CRAN Package Check Results for Package YPInterimTesting

Last updated on 2021-09-23 07:50:05 CEST.

Flavor Version Tinstall Tcheck Ttotal Status Flags
r-devel-linux-x86_64-debian-clang 1.0.3 18.37 34.36 52.73 OK
r-devel-linux-x86_64-debian-gcc 1.0.3 12.16 26.26 38.42 OK
r-devel-linux-x86_64-fedora-clang 1.0.3 78.85 OK
r-devel-linux-x86_64-fedora-gcc 1.0.3 63.22 OK
r-devel-windows-x86_64 1.0.3 21.00 48.00 69.00 OK
r-devel-windows-x86_64-gcc10-UCRT 1.0.3 ERROR
r-patched-linux-x86_64 1.0.3 15.26 33.36 48.62 OK
r-patched-solaris-x86 1.0.3 87.10 OK
r-release-linux-x86_64 1.0.3 14.63 33.32 47.95 OK
r-release-macos-arm64 1.0.3 OK
r-release-macos-x86_64 1.0.3 OK
r-release-windows-ix86+x86_64 1.0.3 45.00 79.00 124.00 OK
r-oldrel-macos-x86_64 1.0.3 OK
r-oldrel-windows-ix86+x86_64 1.0.3 33.00 74.00 107.00 OK

Check Details

Version: 1.0.3
Check: whether package can be installed
Result: ERROR
    Installation failed.
Flavor: r-devel-windows-x86_64-gcc10-UCRT