CRAN Package Check Results for Package ZillowR

Last updated on 2021-10-18 19:51:56 CEST.

Flavor Version Tinstall Tcheck Ttotal Status Flags
r-devel-linux-x86_64-debian-clang 0.1.0 3.97 37.62 41.59 NOTE
r-devel-linux-x86_64-debian-gcc 0.1.0 2.94 29.44 32.38 NOTE
r-devel-linux-x86_64-fedora-clang 0.1.0 59.88 NOTE
r-devel-linux-x86_64-fedora-gcc 0.1.0 59.97 NOTE
r-devel-windows-x86_64 0.1.0 6.00 57.00 63.00 NOTE
r-devel-windows-x86_64-gcc10-UCRT 0.1.0 NOTE
r-patched-linux-x86_64 0.1.0 3.99 36.51 40.50 NOTE
r-patched-solaris-x86 0.1.0 76.90 NOTE
r-release-linux-x86_64 0.1.0 4.14 36.40 40.54 NOTE
r-release-macos-arm64 0.1.0 NOTE
r-release-macos-x86_64 0.1.0 NOTE
r-release-windows-ix86+x86_64 0.1.0 8.00 61.00 69.00 NOTE
r-oldrel-macos-x86_64 0.1.0 OK
r-oldrel-windows-ix86+x86_64 0.1.0 9.00 62.00 71.00 OK

Check Details

Version: 0.1.0
Check: LazyData
Result: NOTE
     'LazyData' is specified without a 'data' directory
Flavors: r-devel-linux-x86_64-debian-clang, r-devel-linux-x86_64-debian-gcc, r-devel-linux-x86_64-fedora-clang, r-devel-linux-x86_64-fedora-gcc, r-devel-windows-x86_64, r-devel-windows-x86_64-gcc10-UCRT, r-patched-linux-x86_64, r-patched-solaris-x86, r-release-linux-x86_64, r-release-macos-arm64, r-release-macos-x86_64, r-release-windows-ix86+x86_64