CRAN Package Check Results for Package abc

Last updated on 2021-09-22 01:48:27 CEST.

Flavor Version Tinstall Tcheck Ttotal Status Flags
r-devel-linux-x86_64-debian-clang 2.1 9.74 221.77 231.51 NOTE
r-devel-linux-x86_64-debian-gcc 2.1 9.71 184.29 194.00 NOTE
r-devel-linux-x86_64-fedora-clang 2.1 299.57 NOTE
r-devel-linux-x86_64-fedora-gcc 2.1 291.96 NOTE
r-devel-windows-x86_64 2.1 12.00 233.00 245.00 NOTE
r-devel-windows-x86_64-gcc10-UCRT 2.1 ERROR
r-patched-linux-x86_64 2.1 12.92 216.19 229.11 NOTE
r-patched-solaris-x86 2.1 559.20 NOTE
r-release-linux-x86_64 2.1 10.04 215.69 225.73 NOTE
r-release-macos-arm64 2.1 NOTE
r-release-macos-x86_64 2.1 NOTE
r-release-windows-ix86+x86_64 2.1 23.00 290.00 313.00 NOTE
r-oldrel-macos-x86_64 2.1 NOTE
r-oldrel-windows-ix86+x86_64 2.1 21.00 221.00 242.00 NOTE

Check Details

Version: 2.1
Check: R code for possible problems
Result: NOTE
    abc: no visible global function definition for 'na.omit'
    abc: no visible global function definition for 'lsfit'
    abc: no visible global function definition for 'mad'
    abc: no visible global function definition for 'predict'
    abc: no visible binding for global variable 'median'
    abc: no visible global function definition for 'coef'
    cv4abc: no visible global function definition for 'runif'
    cv4abc: no visible global function definition for 'na.omit'
    cv4postpr: no visible global function definition for 'na.omit'
    cv4postpr: no visible global function definition for 'runif'
    expected.deviance: no visible global function definition for 'na.omit'
    getmode: no visible global function definition for 'density'
    gfitpca : loc2plot: no visible global function definition for 'fitted'
    gfitpca: no visible global function definition for 'prcomp'
    gfitpca: no visible global function definition for 'predict'
    gfitpca: no visible global function definition for 'legend'
    hist.abc: no visible global function definition for
     'deviceIsInteractive'
    hist.abc: no visible global function definition for 'as.graphicsAnnot'
    hist.abc: no visible global function definition for 'devAskNewPage'
    hist.abc: no visible global function definition for 'pdf'
    hist.abc: no visible global function definition for 'par'
    hist.abc: no visible global function definition for 'hist'
    hist.abc: no visible global function definition for 'abline'
    hist.abc: no visible global function definition for 'dev.off'
    normalise: no visible global function definition for 'mad'
    plot.abc: no visible global function definition for
     'deviceIsInteractive'
    plot.abc: no visible global function definition for 'devAskNewPage'
    plot.abc: no visible global function definition for 'pdf'
    plot.abc: no visible global function definition for 'par'
    plot.abc: no visible global function definition for 'density'
    plot.abc: no visible global function definition for 'title'
    plot.abc: no visible global function definition for 'lines'
    plot.abc: no visible global function definition for 'segments'
    plot.abc: no visible global function definition for 'mtext'
    plot.abc: no visible global function definition for 'qqnorm'
    plot.abc: no visible global function definition for 'qqline'
    plot.abc: no visible global function definition for 'dev.off'
    plot.cv4abc: no visible global function definition for
     'deviceIsInteractive'
    plot.cv4abc: no visible global function definition for
     'as.graphicsAnnot'
    plot.cv4abc: no visible global function definition for 'heat.colors'
    plot.cv4abc: no visible global function definition for 'devAskNewPage'
    plot.cv4abc: no visible global function definition for 'pdf'
    plot.cv4abc: no visible global function definition for 'abline'
    plot.cv4abc: no visible global function definition for 'dev.off'
    plot.cv4postpr: no visible global function definition for
     'deviceIsInteractive'
    plot.cv4postpr: no visible global function definition for
     'devAskNewPage'
    plot.cv4postpr: no visible global function definition for 'pdf'
    plot.cv4postpr: no visible global function definition for 'par'
    plot.cv4postpr: no visible global function definition for 'barplot'
    plot.cv4postpr: no visible global function definition for 'title'
    plot.cv4postpr: no visible global function definition for 'dev.off'
    plot.gfit: no visible global function definition for 'hist'
    plot.gfit: no visible global function definition for 'abline'
    plot.gfit: no visible global function definition for 'legend'
    postpr: no visible global function definition for 'na.omit'
    postpr: no visible global function definition for 'quantile'
    postpr: no visible global function definition for 'as.formula'
    postpr: no visible global function definition for 'predict'
    summary.abc: no visible binding for global variable 'quantile'
    summary.abc: no visible binding for global variable 'weighted.mean'
    summary.cv4abc: no visible binding for global variable 'var'
    Undefined global functions or variables:
     abline as.formula as.graphicsAnnot barplot coef density dev.off
     devAskNewPage deviceIsInteractive fitted heat.colors hist legend
     lines lsfit mad median mtext na.omit par pdf prcomp predict qqline
     qqnorm quantile runif segments title var weighted.mean
    Consider adding
     importFrom("grDevices", "as.graphicsAnnot", "dev.off", "devAskNewPage",
     "deviceIsInteractive", "heat.colors", "pdf")
     importFrom("graphics", "abline", "barplot", "hist", "legend", "lines",
     "mtext", "par", "segments", "title")
     importFrom("stats", "as.formula", "coef", "density", "fitted", "lsfit",
     "mad", "median", "na.omit", "prcomp", "predict", "qqline",
     "qqnorm", "quantile", "runif", "var", "weighted.mean")
    to your NAMESPACE file.
Flavors: r-devel-linux-x86_64-debian-clang, r-devel-linux-x86_64-debian-gcc, r-devel-linux-x86_64-fedora-clang, r-devel-linux-x86_64-fedora-gcc, r-devel-windows-x86_64, r-devel-windows-x86_64-gcc10-UCRT, r-patched-linux-x86_64, r-patched-solaris-x86, r-release-linux-x86_64, r-release-macos-arm64, r-release-macos-x86_64, r-release-windows-ix86+x86_64, r-oldrel-macos-x86_64, r-oldrel-windows-ix86+x86_64

Version: 2.1
Check: for non-standard things in the check directory
Result: NOTE
    Found the following files/directories:
     'CVrej.ps' 'linhc.pdf'
Flavors: r-devel-linux-x86_64-debian-clang, r-devel-linux-x86_64-debian-gcc, r-devel-linux-x86_64-fedora-clang, r-devel-linux-x86_64-fedora-gcc, r-patched-linux-x86_64, r-patched-solaris-x86, r-release-linux-x86_64

Version: 2.1
Check: whether package can be installed
Result: WARN
    Found the following significant warnings:
     WARNING: installation-time patches will not be applied, could not get the patches index
Flavor: r-devel-windows-x86_64-gcc10-UCRT

Version: 2.1
Check: PDF version of manual
Result: WARN
    LaTeX errors when creating PDF version.
    This typically indicates Rd problems.
Flavor: r-devel-windows-x86_64-gcc10-UCRT

Version: 2.1
Check: PDF version of manual without hyperrefs or index
Result: ERROR
    Re-running with no redirection of stdout/stderr.
Flavor: r-devel-windows-x86_64-gcc10-UCRT