CRAN Package Check Results for Package abcrlda

Last updated on 2024-07-15 10:49:33 CEST.

Flavor Version Tinstall Tcheck Ttotal Status Flags
r-devel-linux-x86_64-debian-clang 1.0.3 2.14 27.28 29.42 NOTE
r-devel-linux-x86_64-debian-gcc 1.0.3 1.82 20.07 21.89 NOTE
r-devel-linux-x86_64-fedora-clang 1.0.3 36.59 NOTE
r-devel-linux-x86_64-fedora-gcc 1.0.3 34.09 NOTE
r-devel-windows-x86_64 1.0.3 3.00 41.00 44.00 NOTE
r-patched-linux-x86_64 1.0.3 2.51 25.95 28.46 NOTE
r-release-linux-x86_64 1.0.3 1.97 25.21 27.18 NOTE
r-release-macos-arm64 1.0.3 15.00 NOTE
r-release-macos-x86_64 1.0.3 25.00 NOTE
r-release-windows-x86_64 1.0.3 4.00 41.00 45.00 NOTE
r-oldrel-macos-arm64 1.0.3 16.00 NOTE
r-oldrel-macos-x86_64 1.0.3 21.00 NOTE
r-oldrel-windows-x86_64 1.0.3 6.00 42.00 48.00 NOTE

Check Details

Version: 1.0.3
Check: LazyData
Result: NOTE 'LazyData' is specified without a 'data' directory Flavors: r-devel-linux-x86_64-debian-clang, r-devel-linux-x86_64-debian-gcc, r-devel-linux-x86_64-fedora-clang, r-devel-linux-x86_64-fedora-gcc, r-devel-windows-x86_64, r-patched-linux-x86_64, r-release-linux-x86_64, r-release-macos-arm64, r-release-macos-x86_64, r-release-windows-x86_64, r-oldrel-macos-arm64, r-oldrel-macos-x86_64, r-oldrel-windows-x86_64