CRAN Package Check Results for Package abmR

Last updated on 2024-02-24 09:50:20 CET.

Flavor Version Tinstall Tcheck Ttotal Status Flags
r-devel-linux-x86_64-debian-clang 1.0.10 45.40 398.46 443.86 NOTE
r-devel-linux-x86_64-debian-gcc 1.0.10 32.31 295.80 328.11 NOTE
r-devel-linux-x86_64-fedora-clang 1.0.10 567.90 NOTE
r-devel-linux-x86_64-fedora-gcc 1.0.10 551.47 NOTE
r-devel-windows-x86_64 1.0.10 34.00 247.00 281.00 OK
r-patched-linux-x86_64 1.0.10 43.23 382.52 425.75 OK
r-release-linux-x86_64 1.0.10 36.75 384.66 421.41 OK
r-release-macos-arm64 1.0.10 103.00 OK
r-release-macos-x86_64 1.0.10 207.00 OK
r-release-windows-x86_64 1.0.10 47.00 334.00 381.00 OK
r-oldrel-macos-arm64 1.0.10 110.00 OK
r-oldrel-windows-x86_64 1.0.10 50.00 337.00 387.00 OK

Check Details

Version: 1.0.10
Check: Rd files
Result: NOTE checkRd: (-1) get_ex_data.Rd:31-32: Lost braces in \itemize; meant \describe ? checkRd: (-1) get_ex_data.Rd:33: Lost braces in \itemize; meant \describe ? checkRd: (-1) get_ex_data.Rd:34-35: Lost braces in \itemize; meant \describe ? checkRd: (-1) get_ex_data.Rd:36: Lost braces in \itemize; meant \describe ? checkRd: (-1) tidy_results.Rd:28-29: Lost braces in \itemize; meant \describe ? checkRd: (-1) tidy_results.Rd:30: Lost braces in \itemize; meant \describe ? Flavors: r-devel-linux-x86_64-debian-clang, r-devel-linux-x86_64-debian-gcc, r-devel-linux-x86_64-fedora-clang, r-devel-linux-x86_64-fedora-gcc