CRAN Package Check Results for Package abn

Last updated on 2021-09-20 22:55:08 CEST.

Flavor Version Tinstall Tcheck Ttotal Status Flags
r-devel-linux-x86_64-debian-clang 2.5-0 200.18 175.74 375.92 WARN
r-devel-linux-x86_64-debian-gcc 2.5-0 129.01 132.59 261.60 WARN
r-devel-linux-x86_64-fedora-clang 2.5-0 685.46 NOTE
r-devel-linux-x86_64-fedora-gcc 2.5-0 647.53 OK
r-devel-windows-x86_64 2.5-0 182.00 175.00 357.00 OK
r-devel-windows-x86_64-gcc10-UCRT 2.5-0 ERROR
r-patched-linux-x86_64 2.5-0 156.14 169.89 326.03 WARN
r-patched-solaris-x86 2.5-0 530.30 NOTE
r-release-linux-x86_64 2.5-0 161.94 168.05 329.99 WARN
r-release-macos-arm64 2.5-0 NOTE
r-release-macos-x86_64 2.5-0 NOTE
r-release-windows-ix86+x86_64 2.5-0 451.00 343.00 794.00 NOTE
r-oldrel-macos-x86_64 2.5-0 NOTE
r-oldrel-windows-ix86+x86_64 2.5-0 453.00 344.00 797.00 NOTE

Check Details

Version: 2.5-0
Check: package dependencies
Result: NOTE
    Package suggested but not available for checking: 'INLA'
Flavors: r-devel-linux-x86_64-debian-clang, r-devel-linux-x86_64-debian-gcc, r-devel-windows-x86_64-gcc10-UCRT, r-patched-linux-x86_64, r-patched-solaris-x86, r-release-linux-x86_64, r-release-macos-arm64, r-release-macos-x86_64, r-oldrel-macos-x86_64

Version: 2.5-0
Check: top-level files
Result: WARN
     Output from running autoreconf:
     configure.ac:20: warning: AC_OUTPUT should be used without arguments.
     configure.ac:20: You should run autoupdate.
Flavors: r-devel-linux-x86_64-debian-clang, r-devel-linux-x86_64-debian-gcc, r-patched-linux-x86_64, r-release-linux-x86_64

Version: 2.5-0
Check: installed package size
Result: NOTE
     installed size is 9.2Mb
     sub-directories of 1Mb or more:
     libs 6.2Mb
Flavors: r-devel-linux-x86_64-fedora-clang, r-release-macos-arm64, r-release-macos-x86_64, r-release-windows-ix86+x86_64, r-oldrel-macos-x86_64, r-oldrel-windows-ix86+x86_64

Version: 2.5-0
Check: whether package can be installed
Result: ERROR
    Installation failed.
Flavor: r-devel-windows-x86_64-gcc10-UCRT