CRAN Package Check Results for Package academictwitteR

Last updated on 2021-08-05 18:52:38 CEST.

Flavor Version Tinstall Tcheck Ttotal Status Flags
r-devel-linux-x86_64-debian-clang 0.2.1 4.70 48.89 53.59 OK
r-devel-linux-x86_64-debian-gcc 0.2.1 3.51 37.87 41.38 OK
r-devel-linux-x86_64-fedora-clang 0.2.1 76.49 OK
r-devel-linux-x86_64-fedora-gcc 0.2.1 63.63 OK
r-devel-windows-x86_64 0.2.1 7.00 74.00 81.00 OK
r-devel-windows-x86_64-gcc10-UCRT 0.2.1 ERROR
r-patched-linux-x86_64 0.2.1 4.43 46.43 50.86 OK
r-patched-solaris-x86 0.2.1 90.10 OK
r-release-linux-x86_64 0.2.1 4.54 46.90 51.44 OK
r-release-macos-arm64 0.2.1 OK
r-release-macos-x86_64 0.2.1 OK
r-release-windows-ix86+x86_64 0.2.1 10.00 69.00 79.00 OK
r-oldrel-macos-x86_64 0.2.1 OK
r-oldrel-windows-ix86+x86_64 0.2.1 15.00 70.00 85.00 OK

Check Details

Version: 0.2.1
Check: package dependencies
Result: ERROR
    Packages required but not available: 'dplyr', 'usethis', 'tibble', 'tidyr'
    
    Packages suggested but not available for checking:
     'devtools', 'testthat', 'httptest'
    
    See section 'The DESCRIPTION file' in the 'Writing R Extensions'
    manual.
Flavor: r-devel-windows-x86_64-gcc10-UCRT