CRAN Package Check Results for Package acc

Last updated on 2024-06-13 04:52:16 CEST.

Flavor Version Tinstall Tcheck Ttotal Status Flags
r-devel-linux-x86_64-debian-clang 1.3.3 78.83 86.77 165.60 OK
r-devel-linux-x86_64-debian-gcc 1.3.3 0.39 1.60 1.99 ERROR
r-devel-linux-x86_64-fedora-clang 1.3.3 234.40 NOTE
r-devel-linux-x86_64-fedora-gcc 1.3.3 224.64 NOTE
r-devel-windows-x86_64 1.3.3 60.00 98.00 158.00 OK
r-patched-linux-x86_64 1.3.3 59.87 82.60 142.47 OK
r-release-linux-x86_64 1.3.3 63.01 84.13 147.14 OK
r-release-macos-arm64 1.3.3 51.00 OK
r-release-macos-x86_64 1.3.3 72.00 OK
r-release-windows-x86_64 1.3.3 61.00 101.00 162.00 OK
r-oldrel-macos-arm64 1.3.3 59.00 OK
r-oldrel-macos-x86_64 1.3.3 92.00 OK
r-oldrel-windows-x86_64 1.3.3 75.00 119.00 194.00 OK

Check Details

Version: 1.3.3
Check: package dependencies
Result: ERROR Packages required but not available: 'RSQLite', 'ggplot2' See section ‘The DESCRIPTION file’ in the ‘Writing R Extensions’ manual. Flavor: r-devel-linux-x86_64-debian-gcc

Version: 1.3.3
Check: compiled code
Result: NOTE File ‘acc/libs/acc.so’: Found no calls to: ‘R_registerRoutines’, ‘R_useDynamicSymbols’ It is good practice to register native routines and to disable symbol search. See ‘Writing portable packages’ in the ‘Writing R Extensions’ manual. Flavors: r-devel-linux-x86_64-fedora-clang, r-devel-linux-x86_64-fedora-gcc