CRAN Package Check Results for Package accucor

Last updated on 2024-06-13 04:52:16 CEST.

Flavor Version Tinstall Tcheck Ttotal Status Flags
r-devel-linux-x86_64-debian-clang 0.3.1 6.82 198.64 205.46 OK
r-devel-linux-x86_64-debian-gcc 0.3.1 0.42 1.66 2.08 ERROR
r-devel-linux-x86_64-fedora-clang 0.3.1 246.31 OK
r-devel-linux-x86_64-fedora-gcc 0.3.1 236.67 OK
r-devel-windows-x86_64 0.3.1 6.00 160.00 166.00 OK
r-patched-linux-x86_64 0.3.1 6.47 193.61 200.08 OK
r-release-linux-x86_64 0.3.1 3.76 192.65 196.41 OK
r-release-macos-arm64 0.3.1 69.00 OK
r-release-macos-x86_64 0.3.1 112.00 OK
r-release-windows-x86_64 0.3.1 7.00 156.00 163.00 OK
r-oldrel-macos-arm64 0.3.1 91.00 OK
r-oldrel-macos-x86_64 0.3.1 167.00 OK
r-oldrel-windows-x86_64 0.3.1 7.00 208.00 215.00 OK

Check Details

Version: 0.3.1
Check: package dependencies
Result: ERROR Packages required but not available: 'dplyr', 'stringr', 'readxl', 'readr', 'tibble' Package suggested but not available for checking: ‘testthat’ See section ‘The DESCRIPTION file’ in the ‘Writing R Extensions’ manual. Flavor: r-devel-linux-x86_64-debian-gcc