CRAN Package Check Results for Package acebayes

Last updated on 2021-07-24 19:50:09 CEST.

Flavor Version Tinstall Tcheck Ttotal Status Flags
r-devel-linux-x86_64-debian-clang 1.10 38.56 80.45 119.01 OK
r-devel-linux-x86_64-debian-gcc 1.10 24.72 46.53 71.25 OK
r-devel-linux-x86_64-fedora-clang 1.10 144.62 OK
r-devel-linux-x86_64-fedora-gcc 1.10 115.12 OK
r-devel-windows-x86_64 1.10 30.00 72.00 102.00 OK
r-devel-windows-x86_64-gcc10-UCRT 1.10 OK
r-patched-linux-x86_64 1.10 31.36 57.95 89.31 OK
r-patched-solaris-x86 1.10 141.60 OK
r-release-linux-x86_64 1.10 27.26 58.98 86.24 OK
r-release-macos-arm64 1.10 NOTE
r-release-macos-x86_64 1.10 OK
r-release-windows-ix86+x86_64 1.10 71.00 125.00 196.00 OK
r-oldrel-macos-x86_64 1.10 OK
r-oldrel-windows-ix86+x86_64 1.10 73.00 121.00 194.00 OK

Check Details

Version: 1.10
Check: installed package size
Result: NOTE
     installed size is 5.2Mb
     sub-directories of 1Mb or more:
     R 1.4Mb
     libs 3.6Mb
Flavor: r-release-macos-arm64