CRAN Package Check Results for Package acs

Last updated on 2021-07-26 13:54:00 CEST.

Flavor Version Tinstall Tcheck Ttotal Status Flags
r-devel-linux-x86_64-debian-clang 2.1.4 9.60 54.45 64.05 OK
r-devel-linux-x86_64-debian-gcc 2.1.4 7.84 41.97 49.81 OK
r-devel-linux-x86_64-fedora-clang 2.1.4 86.36 NOTE
r-devel-linux-x86_64-fedora-gcc 2.1.4 76.18 NOTE
r-devel-windows-x86_64 2.1.4 16.00 76.00 92.00 OK
r-devel-windows-x86_64-gcc10-UCRT 2.1.4 OK
r-patched-linux-x86_64 2.1.4 8.81 51.96 60.77 OK
r-patched-solaris-x86 2.1.4 108.80 OK
r-release-linux-x86_64 2.1.4 9.19 52.56 61.75 OK
r-release-macos-arm64 2.1.4 OK
r-release-macos-x86_64 2.1.4 OK
r-release-windows-ix86+x86_64 2.1.4 19.00 71.00 90.00 OK
r-oldrel-macos-x86_64 2.1.4 OK
r-oldrel-windows-ix86+x86_64 2.1.4 14.00 76.00 90.00 OK

Check Details

Version: 2.1.4
Check: top-level files
Result: NOTE
    ‘configure’: /bin/bash is not portable
Flavors: r-devel-linux-x86_64-fedora-clang, r-devel-linux-x86_64-fedora-gcc