CRAN Package Check Results for Package acss.data

Last updated on 2024-07-24 04:49:42 CEST.

Flavor Version Tinstall Tcheck Ttotal Status Flags
r-devel-linux-x86_64-debian-clang 1.0 170.71 95.88 266.59 OK
r-devel-linux-x86_64-debian-gcc 1.0 136.69 76.79 213.48 OK
r-devel-linux-x86_64-fedora-clang 1.0 364.36 NOTE
r-devel-linux-x86_64-fedora-gcc 1.0 361.22 OK
r-devel-windows-x86_64 1.0 139.00 79.00 218.00 NOTE
r-patched-linux-x86_64 1.0 164.70 95.23 259.93 OK
r-release-linux-x86_64 1.0 163.33 95.64 258.97 OK
r-release-macos-arm64 1.0 140.00 NOTE
r-release-macos-x86_64 1.0 194.00 NOTE
r-release-windows-x86_64 1.0 136.00 78.00 214.00 NOTE
r-oldrel-macos-arm64 1.0 158.00 NOTE
r-oldrel-macos-x86_64 1.0 224.00 NOTE
r-oldrel-windows-x86_64 1.0 140.00 91.00 231.00 NOTE

Check Details

Version: 1.0
Check: installed package size
Result: NOTE installed size is 13.7Mb sub-directories of 1Mb or more: R 13.6Mb Flavors: r-devel-linux-x86_64-fedora-clang, r-devel-windows-x86_64, r-release-macos-arm64, r-release-macos-x86_64, r-release-windows-x86_64, r-oldrel-macos-arm64, r-oldrel-macos-x86_64, r-oldrel-windows-x86_64