CRAN Package Check Results for Package acss.data

Last updated on 2021-09-17 22:56:50 CEST.

Flavor Version Tinstall Tcheck Ttotal Status Flags
r-devel-linux-x86_64-debian-clang 1.0 157.23 101.14 258.37 OK
r-devel-linux-x86_64-debian-gcc 1.0 151.08 86.87 237.95 OK
r-devel-linux-x86_64-fedora-clang 1.0 373.25 NOTE
r-devel-linux-x86_64-fedora-gcc 1.0 360.80 OK
r-devel-windows-x86_64 1.0 198.00 89.00 287.00 NOTE
r-devel-windows-x86_64-gcc10-UCRT 1.0 OK
r-patched-linux-x86_64 1.0 160.46 98.86 259.32 OK
r-patched-solaris-x86 1.0 813.20 NOTE
r-release-linux-x86_64 1.0 164.27 99.14 263.41 OK
r-release-macos-arm64 1.0 NOTE
r-release-macos-x86_64 1.0 NOTE
r-release-windows-ix86+x86_64 1.0 250.00 104.00 354.00 NOTE
r-oldrel-macos-x86_64 1.0 NOTE
r-oldrel-windows-ix86+x86_64 1.0 209.00 99.00 308.00 NOTE

Check Details

Version: 1.0
Check: installed package size
Result: NOTE
     installed size is 14.0Mb
     sub-directories of 1Mb or more:
     R 13.9Mb
Flavors: r-devel-linux-x86_64-fedora-clang, r-devel-windows-x86_64, r-patched-solaris-x86, r-release-macos-arm64, r-release-macos-x86_64, r-release-windows-ix86+x86_64, r-oldrel-macos-x86_64, r-oldrel-windows-ix86+x86_64