CRAN Package Check Results for Package activPAL

Last updated on 2021-08-05 04:55:37 CEST.

Flavor Version Tinstall Tcheck Ttotal Status Flags
r-devel-linux-x86_64-debian-clang 0.1.3 8.82 99.19 108.01 NOTE
r-devel-linux-x86_64-debian-gcc 0.1.3 7.61 72.68 80.29 NOTE
r-devel-linux-x86_64-fedora-clang 0.1.3 139.23 NOTE
r-devel-linux-x86_64-fedora-gcc 0.1.3 125.13 NOTE
r-devel-windows-x86_64 0.1.3 16.00 120.00 136.00 NOTE
r-devel-windows-x86_64-gcc10-UCRT 0.1.3 ERROR
r-patched-linux-x86_64 0.1.3 9.37 93.74 103.11 NOTE
r-patched-solaris-x86 0.1.3 167.50 NOTE
r-release-linux-x86_64 0.1.3 10.22 93.14 103.36 NOTE
r-release-macos-arm64 0.1.3 NOTE
r-release-macos-x86_64 0.1.3 NOTE
r-release-windows-ix86+x86_64 0.1.3 23.00 85.00 108.00 NOTE
r-oldrel-macos-x86_64 0.1.3 OK
r-oldrel-windows-ix86+x86_64 0.1.3 27.00 115.00 142.00 OK

Check Details

Version: 0.1.3
Check: LazyData
Result: NOTE
     'LazyData' is specified without a 'data' directory
Flavors: r-devel-linux-x86_64-debian-clang, r-devel-linux-x86_64-debian-gcc, r-devel-linux-x86_64-fedora-clang, r-devel-linux-x86_64-fedora-gcc, r-devel-windows-x86_64, r-patched-linux-x86_64, r-patched-solaris-x86, r-release-linux-x86_64, r-release-macos-arm64, r-release-macos-x86_64, r-release-windows-ix86+x86_64

Version: 0.1.3
Check: package dependencies
Result: ERROR
    Packages required but not available:
     'dplyr', 'ggplot2', 'tidyr', 'devtools'
    
    Package suggested but not available for checking: 'testthat'
    
    See section 'The DESCRIPTION file' in the 'Writing R Extensions'
    manual.
Flavor: r-devel-windows-x86_64-gcc10-UCRT