CRAN Package Check Results for Package activegp

Last updated on 2021-09-23 10:53:10 CEST.

Flavor Version Tinstall Tcheck Ttotal Status Flags
r-devel-linux-x86_64-debian-clang 1.0.5 58.49 41.64 100.13 OK
r-devel-linux-x86_64-debian-gcc 1.0.5 36.71 31.43 68.14 OK
r-devel-linux-x86_64-fedora-clang 1.0.5 136.69 OK
r-devel-linux-x86_64-fedora-gcc 1.0.5 120.30 OK
r-devel-windows-x86_64 1.0.5 50.00 53.00 103.00 OK
r-devel-windows-x86_64-gcc10-UCRT 1.0.5 ERROR
r-patched-linux-x86_64 1.0.5 45.85 39.86 85.71 OK
r-patched-solaris-x86 1.0.5 133.90 OK
r-release-linux-x86_64 1.0.5 42.08 39.94 82.02 OK
r-release-macos-arm64 1.0.5 OK
r-release-macos-x86_64 1.0.5 OK
r-release-windows-ix86+x86_64 1.0.5 133.00 93.00 226.00 OK
r-oldrel-macos-x86_64 1.0.5 OK
r-oldrel-windows-ix86+x86_64 1.0.5 98.00 74.00 172.00 OK

Check Details

Version: 1.0.5
Check: whether package can be installed
Result: ERROR
    Installation failed.
Flavor: r-devel-windows-x86_64-gcc10-UCRT