CRAN Package Check Results for Package activityGCMM

Last updated on 2021-07-25 10:49:16 CEST.

Flavor Version Tinstall Tcheck Ttotal Status Flags
r-devel-linux-x86_64-debian-clang 1.1.1 5.53 37.52 43.05 OK
r-devel-linux-x86_64-debian-gcc 1.1.1 3.90 28.78 32.68 OK
r-devel-linux-x86_64-fedora-clang 1.1.1 60.55 OK
r-devel-linux-x86_64-fedora-gcc 1.1.1 49.74 OK
r-devel-windows-x86_64 1.1.1 6.00 39.00 45.00 OK
r-devel-windows-x86_64-gcc10-UCRT 1.1.1 OK
r-patched-linux-x86_64 1.1.1 6.45 36.40 42.85 OK
r-patched-solaris-x86 1.1.1 69.10 OK
r-release-linux-x86_64 1.1.1 5.96 36.20 42.16 OK
r-release-macos-arm64 1.1.1 ERROR
r-release-macos-x86_64 1.1.1 OK
r-release-windows-ix86+x86_64 1.1.1 9.00 49.00 58.00 OK
r-oldrel-macos-x86_64 1.1.1 OK
r-oldrel-windows-ix86+x86_64 1.1.1 20.00 49.00 69.00 OK

Check Details

Version: 1.1.1
Check: package dependencies
Result: ERROR
    Package required but not available: ‘runjags’
    
    See section ‘The DESCRIPTION file’ in the ‘Writing R Extensions’
    manual.
Flavor: r-release-macos-arm64