CRAN Package Check Results for Package adamethods

Last updated on 2021-07-26 16:49:00 CEST.

Flavor Version Tinstall Tcheck Ttotal Status Flags
r-devel-linux-x86_64-debian-clang 1.2.1 17.02 142.96 159.98 NOTE
r-devel-linux-x86_64-debian-gcc 1.2.1 14.65 105.21 119.86 NOTE
r-devel-linux-x86_64-fedora-clang 1.2.1 195.74 NOTE
r-devel-linux-x86_64-fedora-gcc 1.2.1 182.40 NOTE
r-devel-windows-x86_64 1.2.1 29.00 182.00 211.00 NOTE
r-devel-windows-x86_64-gcc10-UCRT 1.2.1 NOTE
r-patched-linux-x86_64 1.2.1 18.24 140.51 158.75 NOTE
r-patched-solaris-x86 1.2.1 247.80 NOTE
r-release-linux-x86_64 1.2.1 16.98 132.20 149.18 NOTE
r-release-macos-arm64 1.2.1 NOTE
r-release-macos-x86_64 1.2.1 NOTE
r-release-windows-ix86+x86_64 1.2.1 41.00 158.00 199.00 NOTE
r-oldrel-macos-x86_64 1.2.1 OK
r-oldrel-windows-ix86+x86_64 1.2.1 45.00 185.00 230.00 OK

Check Details

Version: 1.2.1
Check: LazyData
Result: NOTE
     'LazyData' is specified without a 'data' directory
Flavors: r-devel-linux-x86_64-debian-clang, r-devel-linux-x86_64-debian-gcc, r-devel-linux-x86_64-fedora-clang, r-devel-linux-x86_64-fedora-gcc, r-devel-windows-x86_64, r-devel-windows-x86_64-gcc10-UCRT, r-patched-linux-x86_64, r-patched-solaris-x86, r-release-linux-x86_64, r-release-macos-arm64, r-release-macos-x86_64, r-release-windows-ix86+x86_64