CRAN Package Check Results for Package adaptMCMC

Last updated on 2021-10-28 19:51:51 CEST.

Flavor Version Tinstall Tcheck Ttotal Status Flags
r-devel-linux-x86_64-debian-clang 1.4 7.63 58.06 65.69 OK
r-devel-linux-x86_64-debian-gcc 1.4 5.93 45.62 51.55 OK
r-devel-linux-x86_64-fedora-clang 1.4 86.73 NOTE
r-devel-linux-x86_64-fedora-gcc 1.4 77.38 OK
r-devel-windows-x86_64 1.4 10.00 82.00 92.00 OK
r-devel-windows-x86_64-gcc10-UCRT 1.4 OK
r-patched-linux-x86_64 1.4 6.11 56.71 62.82 OK
r-patched-solaris-x86 1.4 130.00 OK
r-release-linux-x86_64 1.4 5.62 55.78 61.40 OK
r-release-macos-arm64 1.4 OK
r-release-macos-x86_64 1.4 OK
r-release-windows-ix86+x86_64 1.4 10.00 84.00 94.00 OK
r-oldrel-macos-x86_64 1.4 OK
r-oldrel-windows-ix86+x86_64 1.4 12.00 81.00 93.00 OK

Check Details

Version: 1.4
Check: Rd cross-references
Result: NOTE
    Undeclared packages ‘HI’, ‘MHadaptive’ in Rd xrefs
Flavor: r-devel-linux-x86_64-fedora-clang