CRAN Package Check Results for Package adc

Last updated on 2024-06-13 04:52:16 CEST.

Flavor Version Tinstall Tcheck Ttotal Status Flags
r-devel-linux-x86_64-debian-clang 1.0.0 3.28 43.81 47.09 OK
r-devel-linux-x86_64-debian-gcc 1.0.0 2.37 25.72 28.09 ERROR
r-devel-linux-x86_64-fedora-clang 1.0.0 59.15 OK
r-devel-linux-x86_64-fedora-gcc 1.0.0 56.24 OK
r-devel-windows-x86_64 1.0.0 3.00 52.00 55.00 OK
r-patched-linux-x86_64 1.0.0 3.36 44.19 47.55 OK
r-release-linux-x86_64 1.0.0 3.10 43.07 46.17 OK
r-release-macos-arm64 1.0.0 20.00 OK
r-release-macos-x86_64 1.0.0 31.00 OK
r-release-windows-x86_64 1.0.0 5.00 55.00 60.00 OK
r-oldrel-macos-arm64 1.0.0 22.00 OK
r-oldrel-macos-x86_64 1.0.0 30.00 OK
r-oldrel-windows-x86_64 1.0.0 4.00 61.00 65.00 OK

Check Details

Version: 1.0.0
Check: package dependencies
Result: NOTE Package suggested but not available for checking: ‘testthat’ Flavor: r-devel-linux-x86_64-debian-gcc

Version: 1.0.0
Check: tests
Result: ERROR Running ‘testthat.R’ [0s/1s] Running the tests in ‘tests/testthat.R’ failed. Complete output: > library(testthat) Error in library(testthat) : there is no package called 'testthat' Execution halted Flavor: r-devel-linux-x86_64-debian-gcc