CRAN Package Check Results for Package addinsJoaoMelo

Last updated on 2024-06-13 10:48:47 CEST.

Flavor Version Tinstall Tcheck Ttotal Status Flags
r-devel-linux-x86_64-debian-clang 0.1.0 2.06 22.22 24.28 NOTE
r-devel-linux-x86_64-debian-gcc 0.1.0 0.28 1.62 1.90 ERROR
r-devel-linux-x86_64-fedora-clang 0.1.0 30.76 NOTE
r-devel-linux-x86_64-fedora-gcc 0.1.0 29.46 NOTE
r-devel-windows-x86_64 0.1.0 3.00 44.00 47.00 NOTE
r-patched-linux-x86_64 0.1.0 1.63 21.00 22.63 NOTE
r-release-linux-x86_64 0.1.0 1.86 21.68 23.54 NOTE
r-release-macos-arm64 0.1.0 16.00 NOTE
r-release-macos-x86_64 0.1.0 23.00 NOTE
r-release-windows-x86_64 0.1.0 4.00 45.00 49.00 NOTE
r-oldrel-macos-arm64 0.1.0 19.00 NOTE
r-oldrel-macos-x86_64 0.1.0 20.00 NOTE
r-oldrel-windows-x86_64 0.1.0 3.00 45.00 48.00 NOTE

Check Details

Version: 0.1.0
Check: LazyData
Result: NOTE 'LazyData' is specified without a 'data' directory Flavors: r-devel-linux-x86_64-debian-clang, r-devel-linux-x86_64-fedora-clang, r-devel-linux-x86_64-fedora-gcc, r-devel-windows-x86_64, r-patched-linux-x86_64, r-release-linux-x86_64, r-release-macos-arm64, r-release-macos-x86_64, r-release-windows-x86_64, r-oldrel-macos-arm64, r-oldrel-macos-x86_64, r-oldrel-windows-x86_64

Version: 0.1.0
Check: package dependencies
Result: ERROR Packages required but not available: 'dplyr', 'stringr', 'purrr' See section ‘The DESCRIPTION file’ in the ‘Writing R Extensions’ manual. Flavor: r-devel-linux-x86_64-debian-gcc