CRAN Package Check Results for Package addinsOutline

Last updated on 2021-07-28 04:51:49 CEST.

Flavor Version Tinstall Tcheck Ttotal Status Flags
r-devel-linux-x86_64-debian-clang 0.1.6 NOTE
r-devel-linux-x86_64-debian-gcc 0.1.6 7.12 48.02 55.14 NOTE
r-devel-linux-x86_64-fedora-clang 0.1.6 94.01 NOTE
r-devel-linux-x86_64-fedora-gcc 0.1.6 82.77 NOTE
r-devel-windows-x86_64 0.1.6 12.00 82.00 94.00 NOTE
r-devel-windows-x86_64-gcc10-UCRT 0.1.6 NOTE
r-patched-linux-x86_64 0.1.6 7.51 59.68 67.19 NOTE
r-patched-solaris-x86 0.1.6 118.50 NOTE
r-release-linux-x86_64 0.1.6 8.46 59.64 68.10 NOTE
r-release-macos-arm64 0.1.6 NOTE
r-release-macos-x86_64 0.1.6 NOTE
r-release-windows-ix86+x86_64 0.1.6 18.00 62.00 80.00 NOTE
r-oldrel-macos-x86_64 0.1.6 OK
r-oldrel-windows-ix86+x86_64 0.1.6 15.00 85.00 100.00 OK

Check Details

Version: 0.1.6
Check: LazyData
Result: NOTE
     'LazyData' is specified without a 'data' directory
Flavors: r-devel-linux-x86_64-debian-clang, r-devel-linux-x86_64-debian-gcc, r-devel-linux-x86_64-fedora-clang, r-devel-linux-x86_64-fedora-gcc, r-devel-windows-x86_64, r-devel-windows-x86_64-gcc10-UCRT, r-patched-linux-x86_64, r-patched-solaris-x86, r-release-linux-x86_64, r-release-macos-arm64, r-release-macos-x86_64, r-release-windows-ix86+x86_64