CRAN Package Check Results for Package addreg

Last updated on 2021-10-16 19:52:10 CEST.

Flavor Version Tinstall Tcheck Ttotal Status Flags
r-devel-linux-x86_64-debian-clang 3.0 13.03 96.96 109.99 NOTE
r-devel-linux-x86_64-debian-gcc 3.0 9.97 73.61 83.58 NOTE
r-devel-linux-x86_64-fedora-clang 3.0 138.66 NOTE
r-devel-linux-x86_64-fedora-gcc 3.0 145.31 NOTE
r-devel-windows-x86_64 3.0 18.00 89.00 107.00 NOTE
r-devel-windows-x86_64-gcc10-UCRT 3.0 NOTE
r-patched-linux-x86_64 3.0 12.90 93.10 106.00 NOTE
r-patched-solaris-x86 3.0 178.00 NOTE
r-release-linux-x86_64 3.0 10.30 93.60 103.90 NOTE
r-release-macos-arm64 3.0 NOTE
r-release-macos-x86_64 3.0 NOTE
r-release-windows-ix86+x86_64 3.0 25.00 124.00 149.00 NOTE
r-oldrel-macos-x86_64 3.0 OK
r-oldrel-windows-ix86+x86_64 3.0 25.00 125.00 150.00 OK

Check Details

Version: 3.0
Check: LazyData
Result: NOTE
     'LazyData' is specified without a 'data' directory
Flavors: r-devel-linux-x86_64-debian-clang, r-devel-linux-x86_64-debian-gcc, r-devel-linux-x86_64-fedora-clang, r-devel-linux-x86_64-fedora-gcc, r-devel-windows-x86_64, r-devel-windows-x86_64-gcc10-UCRT, r-patched-linux-x86_64, r-patched-solaris-x86, r-release-linux-x86_64, r-release-macos-arm64, r-release-macos-x86_64, r-release-windows-ix86+x86_64