CRAN Package Check Results for Package addreg

Last updated on 2021-07-24 19:50:09 CEST.

Flavor Version Tinstall Tcheck Ttotal Status Flags
r-devel-linux-x86_64-debian-clang 3.0 11.48 98.91 110.39 NOTE
r-devel-linux-x86_64-debian-gcc 3.0 10.55 74.88 85.43 NOTE
r-devel-linux-x86_64-fedora-clang 3.0 142.35 NOTE
r-devel-linux-x86_64-fedora-gcc 3.0 130.73 NOTE
r-devel-windows-x86_64 3.0 14.00 94.00 108.00 NOTE
r-devel-windows-x86_64-gcc10-UCRT 3.0 NOTE
r-patched-linux-x86_64 3.0 12.46 94.42 106.88 NOTE
r-patched-solaris-x86 3.0 178.70 NOTE
r-release-linux-x86_64 3.0 11.33 94.36 105.69 NOTE
r-release-macos-arm64 3.0 NOTE
r-release-macos-x86_64 3.0 NOTE
r-release-windows-ix86+x86_64 3.0 25.00 91.00 116.00 NOTE
r-oldrel-macos-x86_64 3.0 OK
r-oldrel-windows-ix86+x86_64 3.0 26.00 90.00 116.00 OK

Check Details

Version: 3.0
Check: LazyData
Result: NOTE
     'LazyData' is specified without a 'data' directory
Flavors: r-devel-linux-x86_64-debian-clang, r-devel-linux-x86_64-debian-gcc, r-devel-linux-x86_64-fedora-clang, r-devel-linux-x86_64-fedora-gcc, r-devel-windows-x86_64, r-devel-windows-x86_64-gcc10-UCRT, r-patched-linux-x86_64, r-patched-solaris-x86, r-release-linux-x86_64, r-release-macos-arm64, r-release-macos-x86_64, r-release-windows-ix86+x86_64