CRAN Package Check Results for Package ade4

Last updated on 2021-07-31 13:52:20 CEST.

Flavor Version Tinstall Tcheck Ttotal Status Flags
r-devel-linux-x86_64-debian-clang 1.7-17 48.83 336.65 385.48 OK
r-devel-linux-x86_64-debian-gcc 1.7-17 40.08 248.62 288.70 OK
r-devel-linux-x86_64-fedora-clang 1.7-17 470.33 NOTE
r-devel-linux-x86_64-fedora-gcc 1.7-17 454.01 NOTE
r-devel-windows-x86_64 1.7-17 47.00 459.00 506.00 NOTE
r-devel-windows-x86_64-gcc10-UCRT 1.7-17 NOTE
r-patched-linux-x86_64 1.7-17 OK
r-patched-solaris-x86 1.7-17 559.90 NOTE
r-release-linux-x86_64 1.7-17 43.99 324.09 368.08 OK
r-release-macos-arm64 1.7-17 NOTE
r-release-macos-x86_64 1.7-17 NOTE
r-release-windows-ix86+x86_64 1.7-17 86.00 472.00 558.00 NOTE
r-oldrel-macos-x86_64 1.7-17 NOTE
r-oldrel-windows-ix86+x86_64 1.7-17 58.00 643.00 701.00 NOTE

Check Details

Version: 1.7-17
Check: installed package size
Result: NOTE
     installed size is 7.9Mb
     sub-directories of 1Mb or more:
     R 1.4Mb
     data 2.8Mb
     pictures 2.1Mb
Flavors: r-devel-linux-x86_64-fedora-clang, r-devel-windows-x86_64, r-patched-solaris-x86, r-release-macos-arm64, r-release-macos-x86_64, r-release-windows-ix86+x86_64, r-oldrel-macos-x86_64, r-oldrel-windows-ix86+x86_64

Version: 1.7-17
Check: dependencies in R code
Result: NOTE
    Namespace in Imports field not imported from: ‘sp’
     All declared Imports should be used.
Flavors: r-devel-linux-x86_64-fedora-clang, r-devel-linux-x86_64-fedora-gcc, r-devel-windows-x86_64-gcc10-UCRT, r-patched-solaris-x86, r-release-macos-arm64, r-release-macos-x86_64, r-oldrel-macos-x86_64