CRAN Package Check Results for Package adehabitatMA

Last updated on 2021-07-31 16:50:02 CEST.

Flavor Version Tinstall Tcheck Ttotal Status Flags
r-devel-linux-x86_64-debian-clang 0.3.14 8.21 61.48 69.69 OK
r-devel-linux-x86_64-debian-gcc 0.3.14 6.22 47.64 53.86 OK
r-devel-linux-x86_64-fedora-clang 0.3.14 93.43 NOTE
r-devel-linux-x86_64-fedora-gcc 0.3.14 80.88 NOTE
r-devel-windows-x86_64 0.3.14 12.00 88.00 100.00 OK
r-devel-windows-x86_64-gcc10-UCRT 0.3.14 NOTE
r-patched-linux-x86_64 0.3.14 OK
r-patched-solaris-x86 0.3.14 119.00 NOTE
r-release-linux-x86_64 0.3.14 7.91 58.76 66.67 OK
r-release-macos-arm64 0.3.14 NOTE
r-release-macos-x86_64 0.3.14 NOTE
r-release-windows-ix86+x86_64 0.3.14 20.00 81.00 101.00 OK
r-oldrel-macos-x86_64 0.3.14 NOTE
r-oldrel-windows-ix86+x86_64 0.3.14 17.00 110.00 127.00 OK

Check Details

Version: 0.3.14
Check: dependencies in R code
Result: NOTE
    Namespace in Imports field not imported from: ‘filehash’
     All declared Imports should be used.
Flavors: r-devel-linux-x86_64-fedora-clang, r-devel-linux-x86_64-fedora-gcc, r-devel-windows-x86_64-gcc10-UCRT, r-patched-solaris-x86, r-release-macos-arm64, r-release-macos-x86_64, r-oldrel-macos-x86_64