CRAN Package Check Results for Package adeptdata

Last updated on 2021-07-29 10:52:47 CEST.

Flavor Version Tinstall Tcheck Ttotal Status Flags
r-devel-linux-x86_64-debian-clang 1.1 OK
r-devel-linux-x86_64-debian-gcc 1.1 71.63 33.50 105.13 OK
r-devel-linux-x86_64-fedora-clang 1.1 177.52 NOTE
r-devel-linux-x86_64-fedora-gcc 1.1 162.91 OK
r-devel-windows-x86_64 1.1 96.00 58.00 154.00 NOTE
r-devel-windows-x86_64-gcc10-UCRT 1.1 OK
r-patched-linux-x86_64 1.1 78.85 39.20 118.05 OK
r-patched-solaris-x86 1.1 369.10 NOTE
r-release-linux-x86_64 1.1 80.48 40.31 120.79 OK
r-release-macos-arm64 1.1 NOTE
r-release-macos-x86_64 1.1 NOTE
r-release-windows-ix86+x86_64 1.1 113.00 40.00 153.00 NOTE
r-oldrel-macos-x86_64 1.1 NOTE
r-oldrel-windows-ix86+x86_64 1.1 90.00 61.00 151.00 NOTE

Check Details

Version: 1.1
Check: installed package size
Result: NOTE
     installed size is 9.5Mb
     sub-directories of 1Mb or more:
     data 9.3Mb
Flavors: r-devel-linux-x86_64-fedora-clang, r-devel-windows-x86_64, r-patched-solaris-x86, r-release-macos-arm64, r-release-macos-x86_64, r-release-windows-ix86+x86_64, r-oldrel-macos-x86_64, r-oldrel-windows-ix86+x86_64