CRAN Package Check Results for Package adhoc

Last updated on 2021-07-28 04:51:49 CEST.

Flavor Version Tinstall Tcheck Ttotal Status Flags
r-devel-linux-x86_64-debian-clang 1.1 NOTE
r-devel-linux-x86_64-debian-gcc 1.1 16.84 132.17 149.01 NOTE
r-devel-linux-x86_64-fedora-clang 1.1 250.27 NOTE
r-devel-linux-x86_64-fedora-gcc 1.1 226.92 NOTE
r-devel-windows-x86_64 1.1 29.00 194.00 223.00 OK
r-devel-windows-x86_64-gcc10-UCRT 1.1 OK
r-patched-linux-x86_64 1.1 16.73 162.34 179.07 NOTE
r-patched-solaris-x86 1.1 351.90 NOTE
r-release-linux-x86_64 1.1 19.51 165.05 184.56 NOTE
r-release-macos-arm64 1.1 OK
r-release-macos-x86_64 1.1 OK
r-release-windows-ix86+x86_64 1.1 47.00 146.00 193.00 OK
r-oldrel-macos-x86_64 1.1 OK
r-oldrel-windows-ix86+x86_64 1.1 37.00 199.00 236.00 OK

Check Details

Version: 1.1
Check: for non-standard things in the check directory
Result: NOTE
    Found the following files/directories:
     'Bestmatches.csv' 'ID.csv' 'listsp.csv' 'mylabels.csv'
Flavors: r-devel-linux-x86_64-debian-clang, r-devel-linux-x86_64-debian-gcc, r-devel-linux-x86_64-fedora-clang, r-devel-linux-x86_64-fedora-gcc, r-patched-linux-x86_64, r-patched-solaris-x86, r-release-linux-x86_64