CRAN Package Check Results for Package adiv

Last updated on 2021-07-25 07:49:52 CEST.

Flavor Version Tinstall Tcheck Ttotal Status Flags
r-devel-linux-x86_64-debian-clang 2.0.1 0.60 2.54 3.14 ERROR
r-devel-linux-x86_64-debian-gcc 2.0.1 35.61 277.51 313.12 OK
r-devel-linux-x86_64-fedora-clang 2.0.1 508.31 OK
r-devel-linux-x86_64-fedora-gcc 2.0.1 494.06 OK
r-devel-windows-x86_64 2.0.1 41.00 320.00 361.00 OK
r-devel-windows-x86_64-gcc10-UCRT 2.0.1 OK
r-patched-linux-x86_64 2.0.1 39.41 354.44 393.85 OK
r-patched-solaris-x86 2.0.1 657.70 OK
r-release-linux-x86_64 2.0.1 39.89 356.25 396.14 OK
r-release-macos-arm64 2.0.1 OK
r-release-macos-x86_64 2.0.1 OK
r-release-windows-ix86+x86_64 2.0.1 85.00 318.00 403.00 OK
r-oldrel-macos-x86_64 2.0.1 OK
r-oldrel-windows-ix86+x86_64 2.0.1 88.00 418.00 506.00 OK

Check Details

Version: 2.0.1
Check: package dependencies
Result: ERROR
    Package required but not available: 'phytools'
    
    See section 'The DESCRIPTION file' in the 'Writing R Extensions'
    manual.
Flavor: r-devel-linux-x86_64-debian-clang