CRAN Package Check Results for Package adjROC

Last updated on 2024-06-13 10:48:47 CEST.

Flavor Version Tinstall Tcheck Ttotal Status Flags
r-devel-linux-x86_64-debian-clang 0.3 6.35 67.36 73.71 OK
r-devel-linux-x86_64-debian-gcc 0.3 0.38 1.69 2.07 ERROR
r-devel-linux-x86_64-fedora-clang 0.3 89.64 OK
r-devel-linux-x86_64-fedora-gcc 0.3 92.80 OK
r-devel-windows-x86_64 0.3 6.00 77.00 83.00 OK
r-patched-linux-x86_64 0.3 5.22 62.63 67.85 OK
r-release-linux-x86_64 0.3 5.19 62.94 68.13 OK
r-release-macos-arm64 0.3 31.00 OK
r-release-macos-x86_64 0.3 45.00 OK
r-release-windows-x86_64 0.3 6.00 76.00 82.00 OK
r-oldrel-macos-arm64 0.3 33.00 OK
r-oldrel-macos-x86_64 0.3 50.00 OK
r-oldrel-windows-x86_64 0.3 8.00 90.00 98.00 OK

Check Details

Version: 0.3
Check: package dependencies
Result: ERROR Packages required but not available: 'ggplot2', 'yardstick' See section ‘The DESCRIPTION file’ in the ‘Writing R Extensions’ manual. Flavor: r-devel-linux-x86_64-debian-gcc