CRAN Package Check Results for Package admmDensestSubmatrix

Last updated on 2024-06-15 04:48:38 CEST.

Flavor Version Tinstall Tcheck Ttotal Status Flags
r-devel-linux-x86_64-debian-clang 0.1.0 2.53 26.72 29.25 NOTE
r-devel-linux-x86_64-debian-gcc 0.1.0 1.78 20.92 22.70 NOTE
r-devel-linux-x86_64-fedora-clang 0.1.0 37.43 NOTE
r-devel-linux-x86_64-fedora-gcc 0.1.0 47.62 NOTE
r-devel-windows-x86_64 0.1.0 3.00 42.00 45.00 NOTE
r-patched-linux-x86_64 0.1.0 2.69 25.31 28.00 NOTE
r-release-linux-x86_64 0.1.0 1.97 25.65 27.62 NOTE
r-release-macos-arm64 0.1.0 22.00 NOTE
r-release-macos-x86_64 0.1.0 32.00 NOTE
r-release-windows-x86_64 0.1.0 3.00 42.00 45.00 NOTE
r-oldrel-macos-arm64 0.1.0 23.00 NOTE
r-oldrel-macos-x86_64 0.1.0 30.00 NOTE
r-oldrel-windows-x86_64 0.1.0 4.00 42.00 46.00 NOTE

Check Details

Version: 0.1.0
Check: LazyData
Result: NOTE 'LazyData' is specified without a 'data' directory Flavors: r-devel-linux-x86_64-debian-clang, r-devel-linux-x86_64-debian-gcc, r-devel-linux-x86_64-fedora-clang, r-devel-linux-x86_64-fedora-gcc, r-devel-windows-x86_64, r-patched-linux-x86_64, r-release-linux-x86_64, r-release-macos-arm64, r-release-macos-x86_64, r-release-windows-x86_64, r-oldrel-macos-arm64, r-oldrel-macos-x86_64, r-oldrel-windows-x86_64

Version: 0.1.0
Check: dependencies in R code
Result: NOTE Namespace in Imports field not imported from: ‘Rdpack’ All declared Imports should be used. Flavors: r-devel-linux-x86_64-fedora-clang, r-devel-linux-x86_64-fedora-gcc