CRAN Package Check Results for Package adpss

Last updated on 2021-07-26 13:54:00 CEST.

Flavor Version Tinstall Tcheck Ttotal Status Flags
r-devel-linux-x86_64-debian-clang 0.1.1 30.29 41.71 72.00 NOTE
r-devel-linux-x86_64-debian-gcc 0.1.1 19.55 31.55 51.10 NOTE
r-devel-linux-x86_64-fedora-clang 0.1.1 104.61 NOTE
r-devel-linux-x86_64-fedora-gcc 0.1.1 87.55 NOTE
r-devel-windows-x86_64 0.1.1 29.00 86.00 115.00 NOTE
r-devel-windows-x86_64-gcc10-UCRT 0.1.1 NOTE
r-patched-linux-x86_64 0.1.1 23.39 41.17 64.56 NOTE
r-patched-solaris-x86 0.1.1 121.80 NOTE
r-release-linux-x86_64 0.1.1 23.02 41.15 64.17 NOTE
r-release-macos-arm64 0.1.1 NOTE
r-release-macos-x86_64 0.1.1 NOTE
r-release-windows-ix86+x86_64 0.1.1 65.00 83.00 148.00 NOTE
r-oldrel-macos-x86_64 0.1.1 OK
r-oldrel-windows-ix86+x86_64 0.1.1 48.00 105.00 153.00 OK

Check Details

Version: 0.1.1
Check: LazyData
Result: NOTE
     'LazyData' is specified without a 'data' directory
Flavors: r-devel-linux-x86_64-debian-clang, r-devel-linux-x86_64-debian-gcc, r-devel-linux-x86_64-fedora-clang, r-devel-linux-x86_64-fedora-gcc, r-devel-windows-x86_64, r-devel-windows-x86_64-gcc10-UCRT, r-patched-linux-x86_64, r-patched-solaris-x86, r-release-linux-x86_64, r-release-macos-arm64, r-release-macos-x86_64, r-release-windows-ix86+x86_64