CRAN Package Check Results for Package adwordsR

Last updated on 2021-10-18 19:51:26 CEST.

Flavor Version Tinstall Tcheck Ttotal Status Flags
r-devel-linux-x86_64-debian-clang 0.3.1 2.75 22.88 25.63 NOTE
r-devel-linux-x86_64-debian-gcc 0.3.1 1.98 18.27 20.25 NOTE
r-devel-linux-x86_64-fedora-clang 0.3.1 42.46 NOTE
r-devel-linux-x86_64-fedora-gcc 0.3.1 30.88 NOTE
r-devel-windows-x86_64 0.3.1 5.00 40.00 45.00 NOTE
r-devel-windows-x86_64-gcc10-UCRT 0.3.1 NOTE
r-patched-linux-x86_64 0.3.1 3.17 22.40 25.57 NOTE
r-patched-solaris-x86 0.3.1 49.30 NOTE
r-release-linux-x86_64 0.3.1 2.41 22.35 24.76 NOTE
r-release-macos-arm64 0.3.1 NOTE
r-release-macos-x86_64 0.3.1 NOTE
r-release-windows-ix86+x86_64 0.3.1 6.00 38.00 44.00 NOTE
r-oldrel-macos-x86_64 0.3.1 OK
r-oldrel-windows-ix86+x86_64 0.3.1 26.00 27.00 53.00 OK

Check Details

Version: 0.3.1
Check: LazyData
Result: NOTE
     'LazyData' is specified without a 'data' directory
Flavors: r-devel-linux-x86_64-debian-clang, r-devel-linux-x86_64-debian-gcc, r-devel-linux-x86_64-fedora-clang, r-devel-linux-x86_64-fedora-gcc, r-devel-windows-x86_64, r-devel-windows-x86_64-gcc10-UCRT, r-patched-linux-x86_64, r-patched-solaris-x86, r-release-linux-x86_64, r-release-macos-arm64, r-release-macos-x86_64, r-release-windows-ix86+x86_64