CRAN Package Check Results for Package afdx

Last updated on 2021-09-23 07:49:24 CEST.

Flavor Version Tinstall Tcheck Ttotal Status Flags
r-devel-linux-x86_64-debian-clang 1.1.1 5.32 69.52 74.84 OK
r-devel-linux-x86_64-debian-gcc 1.1.1 3.94 52.06 56.00 OK
r-devel-linux-x86_64-fedora-clang 1.1.1 98.56 OK
r-devel-linux-x86_64-fedora-gcc 1.1.1 85.49 OK
r-devel-windows-x86_64 1.1.1 7.00 67.00 74.00 OK
r-devel-windows-x86_64-gcc10-UCRT 1.1.1 ERROR
r-patched-linux-x86_64 1.1.1 4.94 66.45 71.39 OK
r-patched-solaris-x86 1.1.1 105.00 OK
r-release-linux-x86_64 1.1.1 5.31 66.39 71.70 OK
r-release-macos-arm64 1.1.1 NOTE
r-release-macos-x86_64 1.1.1 OK
r-release-windows-ix86+x86_64 1.1.1 13.00 92.00 105.00 OK
r-oldrel-macos-x86_64 1.1.1 OK
r-oldrel-windows-ix86+x86_64 1.1.1 10.00 68.00 78.00 OK

Check Details

Version: 1.1.1
Check: package dependencies
Result: NOTE
    Packages suggested but not available for checking: 'kableExtra', 'spelling'
Flavor: r-devel-windows-x86_64-gcc10-UCRT

Version: 1.1.1
Check: re-building of vignette outputs
Result: WARN
    Error(s) in re-building vignettes:
    --- re-building 'af_logit_exponential.Rmd' using rmarkdown
    Quitting from lines 56-68 (af_logit_exponential.Rmd)
    Error: processing vignette 'af_logit_exponential.Rmd' failed with diagnostics:
    there is no package called 'kableExtra'
    --- failed re-building 'af_logit_exponential.Rmd'
    
    --- re-building 'latentclass.Rmd' using rmarkdown
    Quitting from lines 66-77 (latentclass.Rmd)
    Error: processing vignette 'latentclass.Rmd' failed with diagnostics:
    there is no package called 'kableExtra'
    --- failed re-building 'latentclass.Rmd'
    
    SUMMARY: processing the following files failed:
     'af_logit_exponential.Rmd' 'latentclass.Rmd'
    
    Error: Vignette re-building failed.
    Execution halted
Flavor: r-devel-windows-x86_64-gcc10-UCRT

Version: 1.1.1
Check: PDF version of manual
Result: WARN
    LaTeX errors when creating PDF version.
    This typically indicates Rd problems.
Flavor: r-devel-windows-x86_64-gcc10-UCRT

Version: 1.1.1
Check: PDF version of manual without hyperrefs or index
Result: ERROR
    Re-running with no redirection of stdout/stderr.
Flavor: r-devel-windows-x86_64-gcc10-UCRT

Version: 1.1.1
Check: package dependencies
Result: NOTE
    Package suggested but not available for checking: ‘rjags’
Flavor: r-release-macos-arm64