CRAN Package Check Results for Package afex

Last updated on 2024-07-24 10:33:54 CEST.

Flavor Version Tinstall Tcheck Ttotal Status Flags
r-devel-linux-x86_64-debian-clang 1.3-1 19.84 469.39 489.23 OK
r-devel-linux-x86_64-debian-gcc 1.3-1 14.00 343.93 357.93 NOTE
r-devel-linux-x86_64-fedora-clang 1.3-1 633.59 OK
r-devel-linux-x86_64-fedora-gcc 1.3-1 581.93 OK
r-devel-windows-x86_64 1.3-1 16.00 338.00 354.00 NOTE
r-patched-linux-x86_64 1.3-1 23.64 439.77 463.41 OK
r-release-linux-x86_64 1.3-1 11.90 435.99 447.89 OK
r-release-macos-arm64 1.3-1 145.00 OK
r-release-macos-x86_64 1.3-1 223.00 OK
r-release-windows-x86_64 1.3-1 16.00 342.00 358.00 OK
r-oldrel-macos-arm64 1.3-1 144.00 OK
r-oldrel-macos-x86_64 1.3-1 336.00 OK
r-oldrel-windows-x86_64 1.3-1 21.00 480.00 501.00 OK

Check Details

Version: 1.3-1
Check: Rd cross-references
Result: NOTE Found the following Rd file(s) with Rd \link{} targets missing package anchors: mixed.Rd: lmerTest, glmer, summary.merMod Please provide package anchors for all Rd \link{} targets not in the package itself and the base packages. Flavors: r-devel-linux-x86_64-debian-gcc, r-devel-windows-x86_64