CRAN Package Check Results for Package afmToolkit

Last updated on 2021-09-25 04:57:28 CEST.

Flavor Version Tinstall Tcheck Ttotal Status Flags
r-devel-linux-x86_64-debian-clang 0.0.1 6.94 68.71 75.65 OK
r-devel-linux-x86_64-debian-gcc 0.0.1 5.87 53.39 59.26 OK
r-devel-linux-x86_64-fedora-clang 0.0.1 103.15 NOTE
r-devel-linux-x86_64-fedora-gcc 0.0.1 88.81 NOTE
r-devel-windows-x86_64 0.0.1 8.00 65.00 73.00 OK
r-devel-windows-x86_64-gcc10-UCRT 0.0.1 NOTE
r-patched-linux-x86_64 0.0.1 6.61 68.92 75.53 OK
r-patched-solaris-x86 0.0.1 129.40 NOTE
r-release-linux-x86_64 0.0.1 8.01 69.19 77.20 OK
r-release-macos-arm64 0.0.1 NOTE
r-release-macos-x86_64 0.0.1 NOTE
r-release-windows-ix86+x86_64 0.0.1 15.00 89.00 104.00 OK
r-oldrel-macos-x86_64 0.0.1 NOTE
r-oldrel-windows-ix86+x86_64 0.0.1 13.00 64.00 77.00 OK

Check Details

Version: 0.0.1
Check: dependencies in R code
Result: NOTE
    Namespaces in Imports field not imported from:
     ‘DBI’ ‘assertthat’ ‘tibble’
     All declared Imports should be used.
Flavors: r-devel-linux-x86_64-fedora-clang, r-devel-linux-x86_64-fedora-gcc, r-devel-windows-x86_64-gcc10-UCRT, r-patched-solaris-x86, r-release-macos-arm64, r-release-macos-x86_64, r-oldrel-macos-x86_64