Last updated on 2025-01-13 09:48:23 CET.
Flavor | Version | Tinstall | Tcheck | Ttotal | Status | Flags |
---|---|---|---|---|---|---|
r-devel-linux-x86_64-debian-clang | 0.6.6 | 39.42 | 130.56 | 169.98 | OK | |
r-devel-linux-x86_64-debian-gcc | 0.6.6 | 29.56 | 96.81 | 126.37 | OK | |
r-devel-linux-x86_64-fedora-clang | 0.6.6 | 294.07 | OK | |||
r-devel-linux-x86_64-fedora-gcc | 0.6.6 | 303.43 | OK | |||
r-devel-windows-x86_64 | 0.6.6 | 65.00 | 0.00 | 65.00 | FAIL | |
r-patched-linux-x86_64 | 0.6.6 | 41.49 | 123.89 | 165.38 | OK | |
r-release-linux-x86_64 | 0.6.6 | 38.73 | 123.65 | 162.38 | OK | |
r-release-macos-arm64 | 0.6.6 | 75.00 | NOTE | |||
r-release-macos-x86_64 | 0.6.6 | 99.00 | NOTE | |||
r-release-windows-x86_64 | 0.6.6 | 92.00 | 466.00 | 558.00 | OK | |
r-oldrel-macos-arm64 | 0.6.6 | 76.00 | NOTE | |||
r-oldrel-macos-x86_64 | 0.6.6 | 147.00 | NOTE | |||
r-oldrel-windows-x86_64 | 0.6.6 | 74.00 | 445.00 | 519.00 | OK |
Version: 0.6.6
Check: R code for possible problems
Result: FAIL
Check process probably crashed or hung up for 20 minutes ... killed
Most likely this happened in the example checks (?),
if not, ignore the following last lines of example output:
======== End of example output (where/before crash/hang up occured ?) ========
Flavor: r-devel-windows-x86_64
Version: 0.6.6
Check: installed package size
Result: NOTE
installed size is 5.7Mb
sub-directories of 1Mb or more:
extdata 3.4Mb
libs 2.1Mb
Flavors: r-release-macos-arm64, r-release-macos-x86_64, r-oldrel-macos-arm64, r-oldrel-macos-x86_64