CRAN Package Check Results for Package aggutils

Last updated on 2024-06-17 04:48:44 CEST.

Flavor Version Tinstall Tcheck Ttotal Status Flags
r-devel-linux-x86_64-debian-clang 1.0.2 2.74 21.80 24.54 OK
r-devel-linux-x86_64-debian-gcc 1.0.2 2.24 17.54 19.78 OK
r-devel-linux-x86_64-fedora-clang 1.0.2 31.97 NOTE
r-devel-linux-x86_64-fedora-gcc 1.0.2 31.99 NOTE
r-devel-windows-x86_64 1.0.2 4.00 39.00 43.00 OK
r-patched-linux-x86_64 1.0.2 3.08 21.64 24.72 OK
r-release-linux-x86_64 1.0.2 3.04 22.03 25.07 OK
r-release-macos-arm64 1.0.2 16.00 OK
r-release-macos-x86_64 1.0.2 21.00 OK
r-release-windows-x86_64 1.0.2 5.00 40.00 45.00 OK
r-oldrel-macos-arm64 1.0.2 20.00 OK
r-oldrel-macos-x86_64 1.0.2 27.00 OK
r-oldrel-windows-x86_64 1.0.2 5.00 41.00 46.00 OK

Check Details

Version: 1.0.2
Check: dependencies in R code
Result: NOTE Namespace in Imports field not imported from: ‘docstring’ All declared Imports should be used. Flavors: r-devel-linux-x86_64-fedora-clang, r-devel-linux-x86_64-fedora-gcc