CRAN Package Check Results for Package aglm

Last updated on 2021-09-23 10:53:11 CEST.

Flavor Version Tinstall Tcheck Ttotal Status Flags
r-devel-linux-x86_64-debian-clang 0.4.0 9.66 164.69 174.35 OK
r-devel-linux-x86_64-debian-gcc 0.4.0 6.53 122.11 128.64 OK
r-devel-linux-x86_64-fedora-clang 0.4.0 215.77 NOTE
r-devel-linux-x86_64-fedora-gcc 0.4.0 204.72 NOTE
r-devel-windows-x86_64 0.4.0 8.00 152.00 160.00 OK
r-devel-windows-x86_64-gcc10-UCRT 0.4.0 ERROR
r-patched-linux-x86_64 0.4.0 8.94 159.79 168.73 OK
r-patched-solaris-x86 0.4.0 393.90 NOTE
r-release-linux-x86_64 0.4.0 8.53 160.94 169.47 OK
r-release-macos-arm64 0.4.0 NOTE
r-release-macos-x86_64 0.4.0 NOTE
r-release-windows-ix86+x86_64 0.4.0 17.00 195.00 212.00 OK
r-oldrel-macos-x86_64 0.4.0 NOTE
r-oldrel-windows-ix86+x86_64 0.4.0 14.00 146.00 160.00 OK

Check Details

Version: 0.4.0
Check: dependencies in R code
Result: NOTE
    Namespace in Imports field not imported from: ‘mathjaxr’
     All declared Imports should be used.
Flavors: r-devel-linux-x86_64-fedora-clang, r-devel-linux-x86_64-fedora-gcc, r-devel-windows-x86_64-gcc10-UCRT, r-patched-solaris-x86, r-release-macos-arm64, r-release-macos-x86_64, r-oldrel-macos-x86_64

Version: 0.4.0
Check: PDF version of manual
Result: WARN
    LaTeX errors when creating PDF version.
    This typically indicates Rd problems.
Flavor: r-devel-windows-x86_64-gcc10-UCRT

Version: 0.4.0
Check: PDF version of manual without hyperrefs or index
Result: ERROR
    Re-running with no redirection of stdout/stderr.
Flavor: r-devel-windows-x86_64-gcc10-UCRT