CRAN Package Check Results for Package agridat

Last updated on 2021-07-29 22:55:50 CEST.

Flavor Version Tinstall Tcheck Ttotal Status Flags
r-devel-linux-x86_64-debian-clang 1.18 OK
r-devel-linux-x86_64-debian-gcc 1.18 8.54 81.53 90.07 OK
r-devel-linux-x86_64-fedora-clang 1.18 153.14 OK
r-devel-linux-x86_64-fedora-gcc 1.18 164.84 OK
r-devel-windows-x86_64 1.18 16.00 202.00 218.00 OK
r-devel-windows-x86_64-gcc10-UCRT 1.18 OK
r-patched-linux-x86_64 1.18 16.35 102.05 118.40 OK
r-patched-solaris-x86 1.18 179.50 OK
r-release-linux-x86_64 1.18 10.43 102.69 113.12 OK
r-release-macos-arm64 1.18 WARN
r-release-macos-x86_64 1.18 OK
r-release-windows-ix86+x86_64 1.18 21.00 186.00 207.00 OK
r-oldrel-macos-x86_64 1.18 OK
r-oldrel-windows-ix86+x86_64 1.18 14.00 193.00 207.00 OK

Check Details

Version: 1.18
Check: re-building of vignette outputs
Result: WARN
    Error(s) in re-building vignettes:
     ...
    --- re-building ‘agridat_data.Rmd’ using rmarkdown
    Warning in engine$weave(file, quiet = quiet, encoding = enc) :
     Pandoc (>= 1.12.3) not available. Falling back to R Markdown v1.
    --- finished re-building ‘agridat_data.Rmd’
    
    --- re-building ‘agridat_examples.Rmd’ using rmarkdown
    Warning in engine$weave(file, quiet = quiet, encoding = enc) :
     Pandoc (>= 1.12.3) not available. Falling back to R Markdown v1.
    Quitting from lines 39-59 (agridat_examples.Rmd)
    Error: processing vignette 'agridat_examples.Rmd' failed with diagnostics:
    polygon edge not found
    --- failed re-building ‘agridat_examples.Rmd’
    
    --- re-building ‘agridat_intro.Rmd’ using rmarkdown
    Warning in engine$weave(file, quiet = quiet, encoding = enc) :
     Pandoc (>= 1.12.3) not available. Falling back to R Markdown v1.
    --- finished re-building ‘agridat_intro.Rmd’
    
    SUMMARY: processing the following file failed:
     ‘agridat_examples.Rmd’
    
    Error: Vignette re-building failed.
    Execution halted
Flavor: r-release-macos-arm64