CRAN Package Check Results for Package agriwater

Last updated on 2021-08-05 04:55:37 CEST.

Flavor Version Tinstall Tcheck Ttotal Status Flags
r-devel-linux-x86_64-debian-clang 1.0.1 15.37 107.56 122.93 NOTE
r-devel-linux-x86_64-debian-gcc 1.0.1 11.98 81.33 93.31 NOTE
r-devel-linux-x86_64-fedora-clang 1.0.1 159.98 NOTE
r-devel-linux-x86_64-fedora-gcc 1.0.1 152.81 NOTE
r-devel-windows-x86_64 1.0.1 25.00 123.00 148.00 NOTE
r-devel-windows-x86_64-gcc10-UCRT 1.0.1 NOTE
r-patched-linux-x86_64 1.0.1 16.13 103.14 119.27 NOTE
r-patched-solaris-x86 1.0.1 198.20 NOTE
r-release-linux-x86_64 1.0.1 14.47 104.07 118.54 NOTE
r-release-macos-arm64 1.0.1 NOTE
r-release-macos-x86_64 1.0.1 NOTE
r-release-windows-ix86+x86_64 1.0.1 31.00 118.00 149.00 NOTE
r-oldrel-macos-x86_64 1.0.1 OK
r-oldrel-windows-ix86+x86_64 1.0.1 24.00 121.00 145.00 OK

Check Details

Version: 1.0.1
Check: LazyData
Result: NOTE
     'LazyData' is specified without a 'data' directory
Flavors: r-devel-linux-x86_64-debian-clang, r-devel-linux-x86_64-debian-gcc, r-devel-linux-x86_64-fedora-clang, r-devel-linux-x86_64-fedora-gcc, r-devel-windows-x86_64, r-devel-windows-x86_64-gcc10-UCRT, r-patched-linux-x86_64, r-patched-solaris-x86, r-release-linux-x86_64, r-release-macos-arm64, r-release-macos-x86_64, r-release-windows-ix86+x86_64