CRAN Package Check Results for Package agrostab

Last updated on 2021-08-05 18:52:38 CEST.

Flavor Version Tinstall Tcheck Ttotal Status Flags
r-devel-linux-x86_64-debian-clang 0.1.0 5.53 57.93 63.46 OK
r-devel-linux-x86_64-debian-gcc 0.1.0 4.61 42.52 47.13 OK
r-devel-linux-x86_64-fedora-clang 0.1.0 85.01 OK
r-devel-linux-x86_64-fedora-gcc 0.1.0 71.21 OK
r-devel-windows-x86_64 0.1.0 10.00 78.00 88.00 OK
r-devel-windows-x86_64-gcc10-UCRT 0.1.0 ERROR
r-patched-linux-x86_64 0.1.0 5.40 52.53 57.93 OK
r-patched-solaris-x86 0.1.0 100.60 OK
r-release-linux-x86_64 0.1.0 5.44 52.73 58.17 OK
r-release-macos-arm64 0.1.0 OK
r-release-macos-x86_64 0.1.0 OK
r-release-windows-ix86+x86_64 0.1.0 14.00 55.00 69.00 OK
r-oldrel-macos-x86_64 0.1.0 OK
r-oldrel-windows-ix86+x86_64 0.1.0 39.00 76.00 115.00 OK

Check Details

Version: 0.1.0
Check: package dependencies
Result: ERROR
    Packages required but not available: 'ggplot2', 'dplyr'
    
    See section 'The DESCRIPTION file' in the 'Writing R Extensions'
    manual.
Flavor: r-devel-windows-x86_64-gcc10-UCRT