CRAN Package Check Results for Package ags

Last updated on 2024-06-13 04:52:17 CEST.

Flavor Version Tinstall Tcheck Ttotal Status Flags
r-devel-linux-x86_64-debian-clang 1.0.1 17.49 66.27 83.76 OK
r-devel-linux-x86_64-debian-gcc 1.0.1 0.46 1.69 2.15 ERROR
r-devel-linux-x86_64-fedora-clang 1.0.1 111.20 OK
r-devel-linux-x86_64-fedora-gcc 1.0.1 117.99 OK
r-devel-windows-x86_64 1.0.1 17.00 66.00 83.00 OK
r-patched-linux-x86_64 1.0.1 17.13 62.72 79.85 OK
r-release-linux-x86_64 1.0.1 18.69 62.43 81.12 OK
r-release-macos-arm64 1.0.1 43.00 OK
r-release-macos-x86_64 1.0.1 62.00 OK
r-release-windows-x86_64 1.0.1 17.00 66.00 83.00 OK
r-oldrel-macos-arm64 1.0.1 43.00 OK
r-oldrel-macos-x86_64 1.0.1 70.00 OK
r-oldrel-windows-x86_64 1.0.1 22.00 77.00 99.00 OK

Check Details

Version: 1.0.1
Check: package dependencies
Result: ERROR Packages required but not available: 'dplyr', 'stringr' Package suggested but not available for checking: ‘ggplot2’ See section ‘The DESCRIPTION file’ in the ‘Writing R Extensions’ manual. Flavor: r-devel-linux-x86_64-debian-gcc