CRAN Package Check Results for Package agtboost

Last updated on 2021-09-23 10:53:11 CEST.

Flavor Version Tinstall Tcheck Ttotal Status Flags
r-devel-linux-x86_64-debian-clang 0.9.1 35.92 43.72 79.64 OK
r-devel-linux-x86_64-debian-gcc 0.9.1 28.64 34.31 62.95 OK
r-devel-linux-x86_64-fedora-clang 0.9.1 120.46 NOTE
r-devel-linux-x86_64-fedora-gcc 0.9.1 106.39 OK
r-devel-windows-x86_64 0.9.1 32.00 53.00 85.00 OK
r-devel-windows-x86_64-gcc10-UCRT 0.9.1 ERROR
r-patched-linux-x86_64 0.9.1 32.98 42.71 75.69 OK
r-patched-solaris-x86 0.9.1 117.40 OK
r-release-linux-x86_64 0.9.1 33.35 42.50 75.85 OK
r-release-macos-arm64 0.9.1 NOTE
r-release-macos-x86_64 0.9.1 NOTE
r-release-windows-ix86+x86_64 0.9.1 87.00 94.00 181.00 OK
r-oldrel-macos-x86_64 0.9.1 NOTE
r-oldrel-windows-ix86+x86_64 0.9.1 63.00 72.00 135.00 OK

Check Details

Version: 0.9.1
Check: installed package size
Result: NOTE
     installed size is 7.3Mb
     sub-directories of 1Mb or more:
     libs 6.8Mb
Flavors: r-devel-linux-x86_64-fedora-clang, r-release-macos-arm64, r-release-macos-x86_64, r-oldrel-macos-x86_64

Version: 0.9.1
Check: whether package can be installed
Result: ERROR
    Installation failed.
Flavor: r-devel-windows-x86_64-gcc10-UCRT