CRAN Package Check Results for Package ahaz

Last updated on 2024-06-12 16:56:38 CEST.

Flavor Version Tinstall Tcheck Ttotal Status Flags
r-devel-linux-x86_64-debian-clang 1.15 12.30 78.44 90.74 OK
r-devel-linux-x86_64-debian-gcc 1.15 8.41 60.94 69.35 OK
r-devel-linux-x86_64-fedora-clang 1.15 112.43 NOTE
r-devel-linux-x86_64-fedora-gcc 1.15 109.88 NOTE
r-devel-windows-x86_64 1.15 11.00 81.00 92.00 OK
r-patched-linux-x86_64 1.15 11.87 77.54 89.41 OK
r-release-linux-x86_64 1.15 9.25 74.99 84.24 OK
r-release-macos-arm64 1.15 36.00 OK
r-release-macos-x86_64 1.15 89.00 OK
r-release-windows-x86_64 1.15 11.00 83.00 94.00 OK
r-oldrel-macos-arm64 1.15 40.00 OK
r-oldrel-macos-x86_64 1.15 62.00 OK
r-oldrel-windows-x86_64 1.15 14.00 98.00 112.00 OK

Check Details

Version: 1.15
Check: compiled code
Result: NOTE File ‘ahaz/libs/ahaz.so’: Found no calls to: ‘R_registerRoutines’, ‘R_useDynamicSymbols’ It is good practice to register native routines and to disable symbol search. See ‘Writing portable packages’ in the ‘Writing R Extensions’ manual. Flavors: r-devel-linux-x86_64-fedora-clang, r-devel-linux-x86_64-fedora-gcc