CRAN Package Check Results for Package aiRthermo

Last updated on 2021-07-26 16:49:01 CEST.

Flavor Version Tinstall Tcheck Ttotal Status Flags
r-devel-linux-x86_64-debian-clang 1.2.1 4.85 32.69 37.54 NOTE
r-devel-linux-x86_64-debian-gcc 1.2.1 3.62 25.83 29.45 NOTE
r-devel-linux-x86_64-fedora-clang 1.2.1 56.04 NOTE
r-devel-linux-x86_64-fedora-gcc 1.2.1 43.07 NOTE
r-devel-windows-x86_64 1.2.1 8.00 38.00 46.00 OK
r-devel-windows-x86_64-gcc10-UCRT 1.2.1 OK
r-patched-linux-x86_64 1.2.1 4.52 31.80 36.32 NOTE
r-patched-solaris-x86 1.2.1 66.30 NOTE
r-release-linux-x86_64 1.2.1 4.29 31.53 35.82 NOTE
r-release-macos-arm64 1.2.1 OK
r-release-macos-x86_64 1.2.1 OK
r-release-windows-ix86+x86_64 1.2.1 10.00 46.00 56.00 OK
r-oldrel-macos-x86_64 1.2.1 OK
r-oldrel-windows-ix86+x86_64 1.2.1 11.00 59.00 70.00 OK

Check Details

Version: 1.2.1
Check: for non-standard things in the check directory
Result: NOTE
    Found the following files/directories:
     'stuve.pdf'
Flavors: r-devel-linux-x86_64-debian-clang, r-devel-linux-x86_64-debian-gcc, r-devel-linux-x86_64-fedora-clang, r-devel-linux-x86_64-fedora-gcc, r-patched-linux-x86_64, r-patched-solaris-x86, r-release-linux-x86_64